 g(-6). Let l = -9 + r. Give x(l).
-7
Let y(k) = k - 4. Let p be y(8). Suppose 2*x + v = p*x + 3, 0 = -3*x + 4*v - 12. Let c(s) = s - 1. Calculate c(x).
-1
Let j(a) = 1. Let m(h) = -h + 1. Let i(g) = 5*g - 5. Let n(f) = i(f) + 4*m(f). Let w(k) = 4*j(k) + n(k). Give w(-4).
-1
Let k(z) = 3*z + 4. Let y = 151 + -155. Calculate k(y).
-8
Let h = 100 - 102. Let r(o) = 6*o**2 + 1. Determine r(h).
25
Let v(c) = 8*c**2 + 4*c + 3. Let b be v(-2). Let p be 1/(-2 - (-51)/b). Let g = 8 + p. Let o(r) = r**2 + r. Determine o(g).
0
Let t(a) be the third derivative of -a**6/360 + a**4/12 + 3*a**2. Let s(y) be the second derivative of t(y). Determine s(3).
-6
Let q(t) = 2*t**2 - 2*t**2 + 3*t**2 + t**3 + 1 + t. Let f be q(-2). Let v(y) = 4*y + f - 4*y - y - y**2 + 2*y**2. Calculate v(3).
9
Let v(m) = 3*m - 1 - 13*m + 0*m - m**2. Determine v(-8).
15
Let b(w) = -w**2 + 3*w - 4. Let i(n) = -n**2 - 22*n - 15. Let o be i(-21). Determine b(o).
-22
Let w(f) = 4*f**2 - 5 + 7*f**3 + 2*f**2 - 6*f**3. Let a be w(-6). Let v(u) = -u**2 - 6*u - 6. Calculate v(a).
-1
Let d(c) = 2*c + 1. Suppose -4*y - 4*g = -12, 5*g = 5*y - 0*y - 15. Calculate d(y).
7
Let i(f) = 2*f**2 - 5 + 8*f - 6*f**2 + f**2 + 2*f**2. Determine i(6).
7
Let r(m) = m**2 - 4*m + 2. Let l(j) = -j**2 - 6*j - 2. Let c be l(-5). Give r(c).
-1
Let r(l) = 2*l**2 + l - 3. Let v(n) = 0 + 1 + 2*n**2 - 3*n**2. Let y(c) = r(c) + 3*v(c). Give y(0).
0
Let x be (-4 + (-2)/(-2))/(79 + -80). Let i(l) be the first derivative of 1/3*l**3 - 2*l**2 - x + l. What is i(5)?
6
Let x(t) = -t**2 + 2. Let k be x(0). Suppose 0 = -k*n + 1 + 1. Let w(h) = -6*h**2 + 1. Give w(n).
-5
Let p(r) = 3*r**3 - 5*r**2 - 13*r + 8. Let t(w) = w**3 - 2*w**2 - 4*w + 3. Let n(m) = 2*p(m) - 7*t(m). Let d be (-6)/(-8) - (-91)/28. Give n(d).
3
Let z(d) = d**3 - d**2 - d + 2. Let k(w) = -w**3 + 16*w**2 - w + 22. Let s be k(16). Let y = 10 + -6. Let i = s - y. Calculate z(i).
4
Let f(u) = -2*u**3 + 2*u**2 + u - 3. Let o(d) = -3*d**3 + 3*d**2 + 2*d - 4. Let h(v) = -7*f(v) + 5*o(v). Determine h(-2).
7
Let l(p) be the first derivative of -p**6/360 - p**5/120 + 3*p**4/4 + 3*p**3 + 3. Let k(d) be the third derivative of l(d). Determine k(0).
18
Let h(t) = t**2 - 4. Let l = 12 - 15. Give h(l).
5
Let u(s) = -s**3 - 6*s**2 - 4*s + 5. Let x be 5 - 13 - (-6)/2. Determine u(x).
0
Let z(r) = r**3 - 9*r**2 - 9*r - 1. Let u be z(10). Let n = 6 - u. Let t(x) = -4*x + 7. Let p(q) = -3*q + 6. Let o(j) = 3*p(j) - 2*t(j). Calculate o(n).
7
Let v be 6/10 + (-2)/(-5). Let l(c) = 253*c + 55. Let o(y) = 14*y + 3. Let a(u) = 3*l(u) - 55*o(u). What is a(v)?
-11
Let k(c) = -c - 4. Suppose 2*z - 22 = -4. Suppose -z = d + 2*d. Calculate k(d).
-1
Let m(y) = -y. Let r(x) = -12*x. Let z(v) = 8*m(v) - r(v). Suppose -7*k = -3*k - 2*h + 114, -3*k + 3*h - 87 = 0. Let o be ((-1)/(-2))/((-7)/k). What is z(o)?
8
Let p(r) = r - 2 + 0 + 2*r. Suppose 0 = -9*x + 4*x - 3*l + 19, 5 = -2*x + 3*l. Suppose -5 = 5*c - 5*j, 5*c - 3*j - 1 = x. Calculate p(c).
7
Let k(s) = s. Let n(o) = -4*o. Let u(q) = -14*k(q) - 4*n(q). Let w = -19 - -22. Determine u(w).
6
Let h(t) be the first derivative of t**3/3 - 3*t**2/2 + t - 3. Suppose 2*i + 6 = -d, 0 = 4*d + d + 5*i + 10. Determine h(d).
-1
Let d(v) = 3*v - 2. Let x(k) = 9 - 1 - 16*k + 4 - 3. Let r(q) = -11*d(q) - 2*x(q). Give r(3).
1
Let t(x) = -x**3 + 4*x**2 - x + 4. Suppose -2*f - 3 = -9. Suppose f*u - 2*l + 47 = 13, -4*l = -20. Let i = -4 - u. What is t(i)?
0
Let c = 12 - 17. Let l(a) = -11*a**2 - 4*a - 21. Let j(k) = 4*k**2 + k + 7. Let y(i) = -8*j(i) - 3*l(i). Calculate y(c).
12
Let u(v) = -3*v**2 + v + 2. Let h = 21 + -20. Let j = h + 1. Calculate u(j).
-8
Let z(r) be the third derivative of r**6/120 + 7*r**5/60 + r**4/4 - 2*r**3/3 - r**2. Determine z(-5).
16
Let p(r) = -3*r**3 + 2*r**2 + r + 2. Let x = 22 - 20. Determine p(x).
-12
Let r(x) be the third derivative of -x**5/60 + x**4/24 - 13*x**3/6 - 9*x**2. Give r(0).
-13
Let p(q) be the second derivative of -q**3/3 + q**2/2 - q. Let y(c) = -c**2 - 5*c - 4. Let j be y(-4). Suppose j*h = 4*h + 20. What is p(h)?
11
Let v(u) be the third derivative of u**8/6720 - u**7/2520 - u**6/720 - 7*u**5/120 - u**4/12 + 4*u**2. Let b(t) be the second derivative of v(t). Determine b(0).
-7
Suppose -2*r - 4 = -r. Let w(v) be the first derivative of -v**4/4 - 4*v**3/3 - v**2/2 + 3*v + 71. Calculate w(r).
7
Let r(t) be the third derivative of t**7/420 + t**6/360 - t**5/40 - t**4/24 - 7*t**3/6 + 6*t**2. Let a(h) be the first derivative of r(h). Calculate a(-2).
-7
Let d(z) = -13*z**2 + z - 2. Let f(n) be the second derivative of -25*n**4/12 + n**3/2 - 5*n**2/2 + 5*n. Let l(w) = 5*d(w) - 2*f(w). Determine l(-1).
-14
Let v(x) = -x**2 + x + 2. Let r(q) = q**2 + 6*q - 10. Let n(u) = u**2 + 10*u + 9. Let l be n(-8). Let a be r(l). What is v(a)?
-10
Let g(l) be the third derivative of -l**4/24 + l**3/2 - l**2. Suppose -5*z + 6 = -4. Suppose z*m = -m - 6, -4*m - 8 = c. What is g(c)?
3
Let y(f) = f**2 + 7*f - 7. Let j be y(-9). Suppose j = -3*d - 7. Let k(w) = w**3 + 7*w**2 + 8*w + 3. What is k(d)?
-9
Let a(g) = -g**3 + 10*g**2 - 8*g - 1. Suppose 0 = -4*s + 30 + 6. Determine a(s).
8
Let m(b) = -3*b + 2. Let j(l) = -4*l + 3. Let c(a) = 4*j(a) - 6*m(a). What is c(4)?
8
Let a = -10 + 13. Suppose 0*x - a*o = -3*x, 4*o = 5*x. Let g(j) = j + 0*j**2 + 0*j**2 + j**3 + 5. Give g(x).
5
Suppose 0 = 3*p + 4 + 20. Let q = p - -11. Let f(y) = -3*y**2 + 13*y - 2. Let m(x) = x**2 - 4*x + 1. Let b(j) = -2*f(j) - 7*m(j). Determine b(q).
-6
Let y = 2 + -1. Let i(m) = 3*m - 1 + 5 - 2*m - y. Calculate i(-4).
-1
Suppose -16*m - 29 = 3. Let b(y) = -3*y**3 - 8*y**2 + 3*y + 2. Let o(x) = -2*x**3 - 5*x**2 + 2*x + 1. Let z(k) = 5*b(k) - 8*o(k). Calculate z(m).
-4
Let b(j) = 3*j**3 + 2*j**2 - 5*j - 5. Let s(c) = -c**3 - c**2 + 2*c + 2. Let h(f) = -2*b(f) - 7*s(f). What is h(-4)?
-4
Let y(a) = -a**3 + 6*a**2 + 2*a - 9. Let p be 20/(-110) - 68/(-11). Calculate y(p).
3
Let o(s) = 2*s**2 + 5*s - 8. Let b(x) = -3*x**2 - 4*x + 9. Let l(z) = 3*b(z) + 4*o(z). Calculate l(8).
-5
Let b(i) = -3*i. Let j be b(2). Let m(c) = 2*c**2 + 7*c - 5. Let d(w) = -w**2 - 3*w + 2. Let g(h) = -5*d(h) - 3*m(h). Calculate g(j).
5
Let j(t) be the first derivative of 2*t**2 + t + 7. Determine j(-1).
-3
Let o(x) be the first derivative of -x**3/3 - 7*x**2/2 - 3*x + 25. Suppose -3*l + 4*l = 0. Suppose 5*y + 12 + 13 = l. Give o(y).
7
Let l(s) = 4*s + 10 + s**2 - 3*s + 0*s**3 - 4*s**3 + 3*s**3. Give l(0).
10
Let f be (0 + -5 + 5)/(3 + 0). Let z(s) = s**3 + s**2 - 5. Calculate z(f).
-5
Let b(f) = f + 5. Let j = -10 - -10. Determine b(j).
5
Let i(m) = 5*m**3 + m**2 - 2*m + 1. Let r be 1*-1 - (-10)/5. Let f be i(r). Let k(s) = s**2 - 4*s - 2. Calculate k(f).
3
Let d(v) = v**3 + 7*v**2 - 5*v + 10. Let q be d(-8). Let l = q - -23. Let w(h) = -h**2 + l - 2 - 3. What is w(0)?
4
Let z be 2/3*(-3)/(-1). Suppose 1 = 5*y - 14. Let x(n) = z - 7 + n - y. Calculate x(4).
-4
Suppose -5*o + 55 = 15. Let y(v) = o*v**2 - 7*v**2 + 5*v + 5 - 2. Give y(-5).
3
Suppose 5*k + 25 = -3*q, -3*q = 5 + 10. Let t be (0 + 6)*k/(-2). Suppose -t*c + 1 = -5*c. Let f(w) = 2*w - 1. Calculate f(c).
1
Let t(q) = 4*q + 3 + 1 + 0*q - q. What is t(-5)?
-11
Suppose 14 = 2*r + 4. Suppose 1 - 4 = -j. Let h = j - r. Let c(w) = w**3 + 2*w**2 - 1. What is c(h)?
-1
Suppose r + 0*r - 1 = 0. Let s(k) = -2*k - 5*k**2 - 2*k + r + 5*k. Calculate s(-1).
-5
Let g(r) be the second derivative of -r**3/6 - 5*r. Calculate g(3).
-3
Let c(z) = -2*z**2 - 3. Let o(p) = -p**3 + 4*p**2 + 7*p - 7. Let t be o(5). Let a(b) = -b**2 - 1. Let g(j) = t*c(j) - 8*a(j). What is g(2)?
7
Let b(k) = -8*k**2 - 1 + k**3 + 0*k**3 + 2*k + 3 + 10*k**2. Calculate b(-2).
-2
Let r(l) = -l**2 - 3*l + 3. Suppose 2*s = 2*g - 4*g + 2, -5 = -g. Let y = -1 - s. Suppose 0 = y*b + 12 - 0. What is r(b)?
-1
Let q(j) = -j. Let y(p) = p**3 - 9*p**2 + 2*p - 6. Let f be y(9). Let w = f - 15. Calculate q(w).
3
Let f(n) = -96*n + 185*n - 85*n - 2*n**2 + n**2 + 2. Determine f(4).
2
Let o = -2 - -2. Let x = 0 - o. Let q(m) be the second derivative of m**3/6 - 2*m**2 + m. Calculate q(x).
-4
Suppose -19*c + 21*c = -4. Let v(b) = 9*b + 2. Let i(a) be the second derivative of 13*a**3/3 + 3*a**2 - a. Let j(h) = -6*i(h) + 17*v(h). Calculate j(c).
4
Let a(t) = t**2 + 8*t + 2. Let b = -26 + 18. Calcul